t common factor of h and 545.
5
Let p(f) = 2*f**3 - 11*f**2 - 6*f - 2. Let l be p(6). Let d be l*(-9)/(-6)*-1. Suppose 6*z - 117 = -d*z. What is the greatest common divisor of z and 143?
13
Let i be ((-11)/((-352)/(-936)))/(1 - 1218/1200). What is the highest common divisor of i and 234?
78
Suppose 210*m - 220*m + 10200 = 0. Suppose 297*r - m = 282*r. Calculate the highest common divisor of r and 51.
17
Suppose -16205 = -12*x - 3305. What is the highest common factor of x and 129?
43
Let h(d) be the second derivative of 4 + 1/12*d**4 + 1/2*d**3 - 24*d**2 + 2*d. Let f be h(6). Calculate the highest common factor of 54 and f.
6
Suppose -310*f + 1326 = -316*f. Let b = 233 + f. What is the greatest common factor of 4 and b?
4
Suppose -5698 = -2*z - 0*j - j, 5*z - 11*j = 14245. Calculate the greatest common factor of z and 1295.
259
Let t be 2/10 + (351/(-15))/(-13). Suppose 0 = -0*l - l - t*d + 332, 3*l - 2*d - 988 = 0. Calculate the greatest common divisor of l and 15.
15
Let l be (17 - 8)/(-9) - -18. Let u(t) = 102*t - 259. Let g be u(l). What is the highest common factor of 25 and g?
25
Let v = 115 + -111. Suppose -v*j = -5*p - 23, -2 = 2*j + 4*p - 2*p. Suppose 4 = u - j*k - 2, -38 = -4*u + k. Calculate the highest common factor of 2 and u.
2
Let n be (-51 - (0 + -1))/((-61)/244). Let c = 80 - 20. What is the highest common divisor of c and n?
20
Let h = 142 + 72. Let k = h + -160. Calculate the highest common divisor of 24 and k.
6
Let r = -35 + 166. Let s = 186 - r. What is the highest common divisor of 11 and s?
11
Let b be -70*((-3900)/182 - -20). Calculate the highest common factor of 12525 and b.
25
Let q = 281 + -169. Suppose -13*w = -944 - 174. Let k = w + -70. Calculate the highest common divisor of q and k.
16
Suppose 0 = -2*f + 2 + 110. Let i(d) = -d**2 + 104*d - 2525. Let a be i(61). What is the greatest common divisor of a and f?
14
Let h(y) = y**2 - 114*y + 2747. Let v be h(85). What is the greatest common factor of 27213 and v?
141
Let v be 4 - (2/(-10) - 10/(-50)). Suppose h = s + 10 - 3, 19 = v*h - s. What is the highest common factor of h and 4?
4
Let x be (-2)/(-6) + 123/9. Suppose 60 = 4*m - 4*f, 67 = 4*m + 3*f - x. Let u be 6/(-6 - -3) - -4. What is the highest common divisor of m and u?
2
Let b be (4 - 0) + 8 + -10. Suppose -12 = -2*a + b. Suppose a*j + 18 = 8*j. What is the greatest common factor of j and 18?
18
Suppose 187 = 1095*x - 1084*x. Calculate the highest common factor of 7616 and x.
17
Let f(t) = t**3 - 18*t**2 + 34*t + 8. Let y = -467 + 483. Let l be f(y). Calculate the greatest common factor of 180 and l.
20
Let n(z) = 17*z**2 - 5*z - 2. Let x be n(12). Let h = -1280 + x. What is the greatest common divisor of 14 and h?
14
Let n = 11214 + -3362. What is the highest common divisor of 52 and n?
52
Let h = -26 - -32. Suppose 6 - 83 = -7*i. Let z = i + -5. Calculate the greatest common divisor of z and h.
6
Let m(p) = p**2 + 4*p - 11. Suppose 4*h - 20 = 2*z, -4*z - 13 = -5. Let y be m(h). What is the greatest common divisor of y and 28?
7
Let v = -3269 - -3294. What is the highest common divisor of 1675 and v?
25
Let m = -5661 + 6006. What is the highest common divisor of 120 and m?
15
Let l be (-4 - 16/(-4))/(1/1). Suppose -3*b = -l*b - 81. What is the greatest common factor of 3 and b?
3
Let z be ((-8)/2 - -2*1)/(78/(-6552)). What is the highest common divisor of 378 and z?
42
Let v = -429 + 261. Let g be v/(-63)*(-30)/(-8). Suppose 4*b = 174 + g. What is the greatest common divisor of 69 and b?
23
Let z = 456 - 261. Let d(w) be the second derivative of w**4/3 - 16*w**3 + 39*w**2/2 - 247*w. Let t be d(24). What is the highest common divisor of t and z?
39
Suppose 13*l - 37758 = -27*l + 19*l. What is the greatest common factor of l and 4?
2
Let c(z) = 7*z**2 + 34*z - 4. Let m be c(-5). Let n be 2043/12 - m/4. What is the highest common divisor of 102 and n?
34
Suppose 24 = -5*g + 64. Let l be 846/6*g/3. What is the highest common factor of l and 47?
47
Suppose -4*g - 20 = 0, -4*g = -12*y + 14*y + 16. Let x = 82 - -3. Suppose 5*v - 5 = x. Calculate the highest common divisor of v and y.
2
Let p = -113 + 118. Suppose 4*k - 16 = -4*r + 28, p*r - 2*k - 76 = 0. Let a be 8/10*20/8. Calculate the greatest common factor of a and r.
2
Let l be ((8 + -1)*-22)/((-53)/424). What is the greatest common divisor of l and 7?
7
Let o(f) = 782*f + 3033. Let g be o(6). Calculate the greatest common divisor of 206 and g.
103
Let n be 1/2 - 370/(-40)*22. Let v = n - 179. What is the highest common factor of v and 10?
5
Suppose -306391 + 924343 = 328*a. Calculate the greatest common factor of 3 and a.
3
Let f = 1700 - 1649. Calculate the highest common divisor of f and 136.
17
Suppose -2*x - 105 = -3*k - 332, 0 = -5*x + 3*k + 563. Calculate the highest common factor of x and 1456.
112
Let v(g) = 1021*g + 3023. Let u be v(-2). What is the highest common divisor of 1308 and u?
327
Let m(x) = -x**3 + 9*x**2 + 40*x - 44. Let g be m(12). Suppose -87 = -2*r + l + 29, 3*l = g*r - 232. What is the greatest common divisor of 174 and r?
58
Let v(n) = 6*n**2 - n + 2. Let o = 5 - 3. Suppose -4*a - 6 = o*g + 12, 2*g - a = 7. Let l be v(g). What is the greatest common divisor of l and 7?
7
Suppose -2*t = 3*o - 142 - 61, -2*t - 2*o = -202. Let h = 4 + -7. Let f be 4/(-6) + (-77)/h. What is the greatest common factor of f and t?
25
Let f be (12376/(-170))/(4/(-10)). Suppose -6*b + 132 = 48. Calculate the greatest common divisor of f and b.
14
Let f = -36955 + 36988. What is the highest common factor of 73095 and f?
33
Let y = -116872 + 116895. Let o(j) = -j + 391. Let g be o(0). What is the highest common divisor of y and g?
23
Suppose 5*d = -17*p + 12*p + 790, 4*p = -d + 170. What is the greatest common divisor of 132 and d?
22
Let q(h) be the third derivative of h**4/24 + h**3/6 - 68*h**2. Let x be q(15). Calculate the greatest common factor of 32 and x.
16
Let i be 626/3 - (10 - (-364)/(-39)). Let v = i - 204. Calculate the greatest common factor of 136 and v.
4
Suppose z = -3*r + 8, 50*z - 4*r = 45*z + 268. Suppose 0 = -3*p + 777 - 216. Calculate the greatest common factor of z and p.
11
Let z(u) = -16*u - 84. Let p be z(-24). Suppose 0 = -126*g + 131*g - p. What is the greatest common factor of g and 24?
12
Suppose -53 - 24 = 7*f. Let j(u) = -2*u + 8. Let x be j(f). What is the greatest common factor of 270 and x?
30
Let n(j) = -23*j - 30*j + 93*j + 1 - 2 + 2*j**2 - 32*j. Let z be n(7). What is the greatest common divisor of z and 119?
17
Let b be 36 - -6*3/(-6). Suppose -5*a = l - 608, 0 = 3*a - 3*l - 347 - 7. What is the greatest common divisor of a and b?
11
Suppose 124*x - 328 + 6 = 670. Calculate the highest common factor of x and 10456.
8
Suppose 57226*p - 57232*p + 504 = 0. Let o be (-72)/(-15)*(-25)/(-2). What is the highest common divisor of o and p?
12
Suppose -3*c + 0*i + 1061 = i, i = -4*c + 1413. What is the highest common factor of 256 and c?
32
Suppose 4*g + 5*k - 2671 = 0, -2*g = -4*k - 1002 - 314. Calculate the highest common divisor of g and 8.
8
Let x(t) = 10*t + 15. Let z be x(-9). Let n be (-3172)/(-20) + 2 + (-30)/z. Calculate the greatest common divisor of n and 69.
23
Suppose k + 499 = 4*w + 434, -73 = -2*w + 5*k. Suppose 4*o - 2632 = 2352. Calculate the greatest common divisor of w and o.
14
Suppose 147*b - 1897324 = 795739 - 829397. What is the highest common divisor of b and 12?
6
Let n be (-1)/(35/(-1736))*(0 - -5). Calculate the highest common divisor of n and 128.
8
Let b = 4 - 2. Suppose -b*y - 2*y = -96. Let r be -2 + 20 - (-191 - -197). What is the highest common factor of r and y?
12
Let a be (-20)/3*(-1 - 8). Let r(k) = 108*k - 3657. Let d be r(34). Calculate the greatest common divisor of d and a.
15
Let d be -3*(5/(-15))/(7/14). Suppose d*f - 4*w = -3*f + 508, -w + 298 = 3*f. Calculate the highest common divisor of f and 275.
25
Let f(k) = -14*k - 31. Let v be f(-6). Let j = 322 - -367. Calculate the highest common divisor of v and j.
53
Let x(r) = 16 + r**2 - 9*r - 6 + 3 + 13*r. Let w be x(-4). Calculate the greatest common factor of w and 104.
13
Let y(m) be the third derivative of -m**5/10 - m**4/6 + m**3/2 + 8*m**2. Let a be y(2). Let r = a - -51. What is the highest common factor of 33 and r?
11
Sup